/(-4). Let z = c - 0. Suppose -928 = -z*v + 667. Is v a prime number?
False
Suppose 85*n - 3011867 = -260757. Is n a composite number?
True
Suppose -10 = -5*b, -5*j + 3*b + 184 + 7470 = 0. Let l = j + -471. Is l composite?
False
Let u(f) = -69*f - 34. Is u(-20) a prime number?
False
Let y(j) = j + 1. Let w(p) = -3*p**3 - 3*p**2 - 5*p + 6. Let d(b) = -w(b) + 2*y(b). Let f be d(5). Let k = f - 278. Is k prime?
False
Let m(x) = -2*x + 17. Let a be m(8). Is (-6 + a)*(-843)/3 prime?
False
Suppose -18*t + 23*t = -10. Is (t + 4)/((-2)/(-89)) composite?
False
Suppose -5*i = -382 - 248. Let z = 391 - i. Is z a prime number?
False
Let m(o) = 946*o - 49. Is m(3) prime?
True
Is -4*3/(-60) - (-1851216)/120 a prime number?
True
Let a(l) = l + 3. Let u be a(-6). Let d(c) = -29*c**3 + 4*c**2 - 2*c - 3. Let y be d(u). Suppose -f - y = -4*f. Is f prime?
False
Let g = 78 - -62. Let y = 198 - g. Is y a composite number?
True
Suppose -22 = -5*p - 7. Is (1*6/p)/(4/2846) a composite number?
False
Let a be ((-2214)/(-12))/(1/2). Let x(u) = u**3 - 5*u**2 - 3*u + 5. Let r be x(7). Suppose -l = -a + r. Is l prime?
False
Suppose 84 = -4*c - 4*x - 0*x, 0 = -3*c - 4*x - 63. Let i(f) = 3*f**2 + 23*f - 73. Is i(c) a composite number?
True
Let o(i) = -i**2 + 30*i - 46. Let w(r) = -5*r + 61. Let n be w(10). Is o(n) a prime number?
True
Suppose -2*p + 20 = -u, 40 = 3*p - u + 11. Let d = p + -5. Suppose n - 2*n = -d*t - 39, -117 = -3*n - t. Is n a composite number?
True
Let a = 1 + -4. Let i(b) = 92*b**2 + 3*b - 4. Is i(a) composite?
True
Suppose -2*f - 2*f = -31012. Is f a prime number?
True
Is (3/(-24)*-6)/(2/1208) composite?
True
Let r(d) = 3*d + 6. Let m be r(-6). Is -2*7737/m*2 a prime number?
True
Is 1/2 - (-2330)/4 a prime number?
False
Suppose 3*g - 26 = -14. Suppose -g*j + 654 = 2*j. Is j a prime number?
True
Let f(p) = -p**3 - 15*p**2 + 17*p - 9. Let s be f(-22). Let v = 6956 + s. Is v a prime number?
False
Let u(y) = 2*y - 14. Let s be u(8). Suppose -s = -0*v - v. Suppose -3*j + 1397 = 2*i, v*j - 5*i + 444 = 3*j. Is j composite?
True
Let u be 14/77 - (-145)/(-11). Let o = u + 15. Suppose o*y - 20 = 654. Is y a prime number?
True
Let z(c) = -50*c**3 + 4*c**2 - 2*c + 3941 + 0*c**2 - c**2 + 49*c**3. Is z(0) composite?
True
Let d(v) be the third derivative of 5*v**6/8 + v**5/15 - v**4/6 - v**3/3 + 22*v**2 + 1. Is d(3) prime?
False
Suppose 0 = 4*a + 6*a - 30. Suppose a*g + f + f - 2927 = 0, 5*f = -g + 967. Is g a composite number?
False
Let c(y) = -36*y + 331. Let t be c(14). Suppose -3*n - 3*u + 246 + 906 = 0, -2*u - 378 = -n. Let m = n + t. Is m composite?
True
Let h(v) = 23*v**2 - 8*v - 3. Let k(x) = -11*x**2 + 4*x + 1. Let a(q) = 4*h(q) + 7*k(q). Let l be 28/(-6) + (-2)/(-3). Is a(l) prime?
True
Suppose 0 = 3*t + b - 4, b - 3 = -2*t - 0*b. Let s(a) = 4*a**2 - 12*a - 6. Let p(i) = 1. Let y(m) = t*s(m) + p(m). Is y(9) a prime number?
True
Let k(j) be the second derivative of 3*j**4/2 + 5*j**3/2 + 2*j**2 - 7*j. Is k(-5) composite?
False
Suppose -5*x - 3*w + 45092 = -4*w, 0 = 3*x + w - 27052. Is (-1)/2 - x/(-12) a composite number?
False
Let l = 10666 + 16545. Is l prime?
True
Is ((-58)/(-10))/((-11)/(-275)) composite?
True
Let d = -16394 + 30145. Is d composite?
False
Let d = -1194 - -545. Let q = d + 252. Let j = -234 - q. Is j prime?
True
Let t = -561 + 1071. Suppose 0*s - 2*p - 504 = 2*s, p + 499 = -2*s. Let y = t + s. Is y prime?
True
Let a be 3/2*(2 + 0). Let q = a + 2. Suppose -q*r + 42 = -393. Is r prime?
False
Suppose 18*t + 48 = -60. Let x = t - -127. Is x a composite number?
True
Let k(a) be the second derivative of a**4/2 + 5*a**3/2 + 25*a**2/2 + 6*a. Is k(-12) prime?
True
Let h(v) = 0*v**2 - 6*v**3 + v**2 + 2*v**2 - 12*v - 1 - 7*v**2. Is h(-5) prime?
True
Let g be (-8)/4 + 9 - 1. Suppose 5*d + 5 = 0, 6*r + d = r - g. Let b(z) = 206*z**2 - 1. Is b(r) prime?
False
Suppose -4*c - 3*f + 3497 = -0*f, -3*c + 2621 = 4*f. Let v = 1646 + c. Is v a composite number?
False
Let x(l) = 23*l**2 - 4*l - 171. Is x(-32) a composite number?
False
Suppose 2*s + 95 = -3*s. Let c = -15 - s. Suppose l - 51 = c. Is l composite?
True
Suppose -5*y + 2356 + 82029 = 0. Is y composite?
True
Let l = -41007 + 18902. Is 2/((-22115)/l + -1) prime?
True
Let h(n) = 2*n - 7. Let x be h(7). Let s(u) = -u**3 + 7*u**2 + 3*u + 6. Let g be s(x). Suppose z - g - 56 = 0. Is z a prime number?
True
Suppose 510205 - 1580802 = -11*d. Is d a composite number?
False
Let u(l) = 26*l**3 + l**2 - 2. Let m be (-2)/(-5) - 40/(-25). Let f be u(m). Let a = -71 + f. Is a prime?
True
Let y(n) = 95*n**3 + 3*n**2 - 7*n + 8. Is y(5) a prime number?
True
Let w(p) = -66*p - 13. Let c be w(5). Let d = -185 - c. Is d a composite number?
True
Let b be (-2032)/(-72) + (-4)/18. Is b*((-91)/(-4) + -3) a prime number?
False
Let p(d) be the third derivative of 23*d**6/720 + d**5/120 - d**4/24 - 4*d**2. Let s(v) be the second derivative of p(v). Is s(8) composite?
True
Suppose 100*i + 21553 = 107*i. Is i a prime number?
True
Is (1076/8)/((-4)/(-8)) prime?
True
Let h(v) = -18*v**2 - 2*v + 35261. Is h(0) prime?
False
Let u(g) = -48*g - 11. Let p(n) = -n - 1. Let y(b) = 6*p(b) - u(b). Let t(f) = 2*f + 6. Let o be t(-2). Is y(o) a composite number?
False
Let l(h) = -262*h - 35. Is l(-7) prime?
False
Let v be 2378/(-4) + (-1)/(-2). Let j be (1/3)/((-6)/v). Is (j/(-2))/((-3)/4) a composite number?
True
Let d = 60 + -28. Suppose 30*f = d*f - 1724. Is f composite?
True
Let p = 14 - 18. Let z(h) = -h**3 - 4*h**2 + h. Let v be z(p). Is v/(-10) + (-915)/(-25) prime?
True
Let x(l) = -l**3 + 12*l**2 - 12*l + 8. Let r = 14 + -3. Let k be x(r). Let b(t) = -t**3 - 2*t**2 + t + 1. Is b(k) composite?
False
Let p be (-12)/54 - 2/(-9). Suppose 36 = 4*q - p*q. Suppose -3*t = -5*l + 290, 0 = -4*l + 4*t - q*t + 195. Is l composite?
True
Let k(v) be the first derivative of 28*v**3 - v**2 + v - 1. Let d be -12 + 10 - (-1 - 2). Is k(d) composite?
False
Suppose -3 - 9 = -4*j. Suppose 2*x + 3*n = 7*x - 8258, 4*n = -j*x + 4949. Is x a composite number?
True
Suppose -4*q + 0 = 3*u - 9, -u - 23 = -3*q. Let w be (q/(-7))/(3/(-14)). Is (-4)/8 - (-894)/w a composite number?
False
Suppose -2*y + 5*u - 316 = -79, -114 = y - u. Let l = 226 + y. Is l composite?
True
Let r(s) = 34*s - 17. Let n(v) = v. Let k(c) = -2*n(c) - r(c). Is k(-7) composite?
False
Suppose -155 - 223 = -3*o. Suppose q = 183 + o. Is q composite?
True
Let h = -1034 - -2135. Is h*(-3)/2*(-30)/135 a prime number?
True
Let p be (48/(-9))/((-4)/6). Let t = -4 + p. Suppose -309 = -j - 4*g, 2*j + 5*g + 553 = t*j. Is j a composite number?
True
Let b(t) = 2*t**2 - t + 79. Let f be (-41)/(-13) - (-4)/(-26). Suppose f*l + 4 = a - 2, -5*l - 10 = -5*a. Is b(a) a composite number?
False
Suppose 1 = -2*j + 7. Suppose -j*r - 228 = -b, b + r - 2*r = 218. Is b a prime number?
False
Suppose -46*l + 36950 = -153996. Is l a composite number?
True
Let z(o) be the third derivative of 41*o**6/120 - o**5/20 + o**4/24 + 2*o**3/3 + 24*o**2. Is z(3) a composite number?
False
Let u(h) = h**3 + 7*h**2 - 12*h + 11. Let d be u(9). Let r = -636 + d. Is r prime?
True
Let o be (-1*4 + 3 + 0)*26. Let g = o + 37. Is g composite?
False
Suppose -2*b = 4*m - 26, -3*m + 8*m - 34 = -3*b. Suppose 7 = 3*x + 4*n, 5*x + b*n - 49 + 19 = 0. Suppose -3*d + 85 = 4*c, x = 2*d + d. Is c composite?
False
Let f be (-1*(-6)/4)/(3/4). Is 2798*((-6)/4 + f) prime?
True
Suppose -a + 1 = 0, -6*b + 2*b + 3*a + 1253 = 0. Suppose b = 2*f + 3*j, 4*f + 4*j = 2*f + 314. Is f a composite number?
False
Suppose 4*b = 8 + 4, 0 = 2*o - 5*b - 3375. Suppose -2*u - 2660 = -3*r - 956, 3*r = -u + o. Let y = r - 247. Is y a prime number?
False
Suppose 4*y - 40 = 9*y. Is (269/(-3))/(y/24) a composite number?
False
Suppose 9*i = 5*y + 6*i - 20362, 3*y + 4*i = 12223. Is y prime?
True
Let w be 4/(((-8)/6)/2). Is (-3076)/2*3/w a composite number?
False
Suppose -482*k = -477*k - 31435. Is k composite?
False
Let k = -11907 - -23806. Is k a composite number?
True
Let b be (-318)/(-4)*24/36. Suppose -3*l + 400 = 3*k - b, -l + k + 159 = 0. Is l composite?
True
Let p(o) = -2*o - 5. Suppose z = 2*w - 0*w + 13, 0 = 2*w + 2*z - 2. Let r be p(w). Suppose -4*n - r*x + 614 = 0, -4*x + 484 - 182 = 2*n. Is n prime?
False
Suppose 4*a = -2 + 10. Suppose 0 = -a*s - 10, 3*x - s - 2637 = 26